luate (-1 - 0) + -3 + 1 + (5 - 5).
-3
What is the value of -10 - (-1 - 20 - 2)?
13
What is -14 + (14 - (-13 - -14))?
-1
What is the value of -27 - (-31 + -8 - -25)?
-13
-1 - (((-3 - 2) + -1 - -6) + -2)
1
What is the value of 3 + (26 - 48 - -39)?
20
Calculate 15 - (1 + -13 + 18 + -5 + -4).
18
What is the value of 5 + (-1 - (11 - -32)) - (-6 - 2)?
-31
Calculate -2 - -3 - (3 + -13 + 6 + -9).
14
-100 - -104 - (-4 - -8)
0
(51 - 17) + 9 + -54
-11
-23 + (-9 - -19) + -8
-21
(47 - 55) + 8 + 1
1
What is 2 + -9 - -2 - 1 - (-17 - -1)?
10
What is 40 + -52 + (-1 - (0 - 0)) + 2?
-11
What is the value of (-234 - -228) + 28 + -2?
20
Calculate 0 + 29 + (-6 + 1 - 4).
20
(-4 - -8) + -3 - -19 - (-12 + 19)
13
Calculate 37 + (-1 - 3 - -1) + -16.
18
Calculate -9 + 6 - -3 - ((-21 - -48) + -14).
-13
Evaluate 12 + 1 + -13 + -2 - 16.
-18
Calculate -1778 + 1796 + (0 - 18).
0
What is -5 + 8 + (22 - 9)?
16
Evaluate 14 + (1 + -5 - 7).
3
Calculate (173 - 167) + (3 + -6 - -5) + -5.
3
Evaluate 8 - (-18 + 22) - 8.
-4
What is the value of (7 - 17) + -6 - (-102 + 84)?
2
What is (7 + 16 - 18) + -4 + (0 - 2)?
-1
What is -8 - (-38 + 8 + (-8 - (-10 - 0)))?
20
What is the value of 16 - -1 - 3 - 28?
-14
Evaluate 6 - (-5 + 0 - (-40 + 49)).
20
-22 + -14 + 22 + 6 + -1
-9
What is 0 + 3 + -23 + 3 - (43 - 49)?
-11
Evaluate (4 - (22 - 23)) + (-1 - (1 + 9)).
-6
40 + (2 - 36) + (3 - -1)
10
-5 - (-13 + 7 + -8 + -2)
11
What is -5 - -3 - (-1 + 4)?
-5
Calculate -17 - (-29 + (-30 - -28)).
14
What is the value of 4 + (25 + -21 - 2 - (1 + 8))?
-3
Calculate (11 - (9 - (3 - 4))) + (9 - 6).
4
What is 10 + 15 + -14 + -2 + 8?
17
What is 32 + -22 - (-4 - -6)?
8
Evaluate -10 + 9 + -9 + 6 + 16.
12
(68 - 41) + -1 + -14
12
What is (1 - (20 - 13)) + -6?
-12
Evaluate (-1 - 2 - 10) + 8 + 5.
0
Calculate 27 - 1 - (157 + -147).
16
What is the value of 4 + (-12 + (-5 + -2 - -8) - -1)?
-6
Evaluate -16 - (-17 + -15) - 10 - 10.
-4
What is (-2 - 1) + 8 - (-66 - -75)?
-4
Calculate 9 - ((-17 - -35) + -9).
0
Calculate -20 + 31 - 4 - (-3 + 0 - -19).
-9
4 + -40 + 46 + 18
28
Calculate (2 - (7 + 0)) + (8 - 13).
-10
Evaluate 0 + 12 + 6 + -17 + -11.
-10
What is the value of -6 + (11 - 5 - 6)?
-6
Calculate 25 - ((45 - 2) + -33).
15
Evaluate 17 - 9 - 17 - (-2 + -18).
11
Evaluate 14 + 13 + -19 + -1.
7
(-65 - -36) + -4 + 63
30
9 + (15 - 1 - (84 - 76))
15
What is -22 + -1 + 21 + (-19 - -1)?
-20
What is ((4 - 2) + -4 - (5 - 7)) + -15?
-15
-148 + 144 + (1 - -9)
6
Calculate 9 + (8 + -10 - (10 + -6)).
3
What is 4 + 5 + -26 + 36?
19
Evaluate -4 + (4 + (0 - 10) + 13 - -1).
4
Evaluate -10 + -8 + -16 + 39.
5
Evaluate (0 - 9) + 22 + (5 - 45).
-27
Calculate (-9 - 11 - -49) + 5 + -1 + 7.
40
What is 0 + 7 + 10 - (6 - 1)?
12
Calculate (-2 - (3 - (-8 - -25))) + -45 + 15.
-18
What is the value of 480 + -458 - (24 + 1)?
-3
What is the value of 22 - (-7 - (-15 + 14))?
28
Calculate 6 + 1 - 8 - (3 - -3).
-7
Calculate -8 + (-18 - (11 - 25)).
-12
What is 0 + -3 + (-102 - (-119 + 15))?
-1
What is 75 + -64 - (4 - -16)?
-9
Calculate -18 + (9 - -5) + 2.
-2
Evaluate -14 - (14 - 8) - -14.
-6
Evaluate 10 - ((-9 - (-8 + -4 - -6)) + -3).
16
(-1 - -7) + (3 + 5 - 18)
-4
What is -3 + (0 - 1 - (-17 + 13))?
0
-6 - (-1 - -1) - (1228 - 1220)
-14
Evaluate 6 + -2 + 1 + -113 + 109.
1
What is the value of (-16 - -20) + 4 + -12 - (0 - 0)?
-4
What is the value of -13 - (-1 + -3 + -12)?
3
Calculate -4 + -13 + (-75 - -81).
-11
What is (-16 - -32) + -3 + -14 + -6?
-7
24 - ((-1 - 0) + (-136 - -153))
8
What is 3 + (-37 - -33 - 5)?
-6
-22 - (-20 + 3 - -13)
-18
Calculate -17 + -8 + 2 - -10.
-13
Calculate (260 - 292) + 1 + -1.
-32
What is the value of -63 + (-9 - -34) - -62?
24
Evaluate -214 + 252 - (44 + 2).
-8
Calculate -18 + -3 - 5 - -1.
-25
Evaluate -14 - (-5 + 10 + -4 + -7) - -35.
27
What is the value of -4 - (29 - (0 + 9 + -11 - 0))?
-35
Evaluate -9 + (-3 - (-2 - -4) - (0 + -8)).
-6
0 + (-9 - (-6 - -2) - (-3 + 4))
-6
Evaluate -7 + (4 - 0) - (-5 - (-7 + 9)).
4
Evaluate 3 - -9 - (12 + 13 + 20 + 3).
-36
Evaluate 2 + 6 + -42 + 29 + -5.
-10
What is (-41 - (-5 + (-3 - -11))) + -7 + 12?
-39
What is the value of 7 + (1 - 2) + -1 + 805 + -828?
-18
45 - (34 + (38 - 43))
16
Evaluate -17 - (-18 + 9 - 5).
-3
What is 42 - 23 - ((-3 - -5) + 4)?
13
What is the value of 13 - (18 - (12 + -16))?
-9
What is the value of 11 + 25 + -62 - -6?
-20
Calculate 8 + (-2 - (-32 - -22) - (-1 + 0)).
17
Calculate (44 - (22 + -2)) + (3 - 16).
11
Evaluate -16 + 5 - (-18 + -7).
14
Calculate 7 - (19 + (7 - 11)) - 5.
-13
5 + (-4 - (-1 + 5)) + 8
5
What is the value of -25 + 18 + -11 - -5?
-13
What is -6 - (9 + -1 - (-21 - -27))?
-8
What is the value of (-15 - (-9 + 16)) + 17?
-5
What is the value of (18 - (7 - (-2 - 3))) + 10 + -2?
14
Evaluate 6 - (-11 - (-13 - -17)).
21
What is the value of 47 + -39 + 3 + -15 + 1 - 2?
-5
0 - -5 - -6 - 26
-15
Calculate 20 + -32 + 3 - -24.
15
Calculate 9 + -1 + (-11 - (-2 + -1)).
0
Evaluate 6 + (6 - 0) + -1 - -6.
17
What is the value of -2 + -3 + 3 + 6 + -10?
-6
What is -3 - (-1 - (-2 - (-3 - 6)) - 7)?
12
Calculate -9 - ((-4 - 17) + 9).
3
What is the value of (-10 - 11) + -14 - -25?
-10
Evaluate (-17 - -5) + (-23 - -28).
-7
What is (-169 - -143) + (29 - 0)?
3
Calculate (-14 - (-26 - -22)) + -2.
-12
Calculate (23 - 14 - 24) + (3 - 2) + 4.
-10
What is 4 + (23 - 10) + -17?
0
Calculate -1 + -6 + 6 - (5 - -1).
-7
What is 9 + -4 - (2 - -14) - (1 + -17)?
5
Evaluate 3 - (15 - -2) - (-23 - -46 - 15).
-22
What is the value of 98 - 105 - (3 - 16)?
6
21 + (19 - 0) + -29
11
What is the value of 5 - (5 - (-12 + 8 - (-9 + 8)))?
-3
What is the value of 2 - -5 - ((66 - 48) + -8 + 0)?
-3
What is the value of 1 - -9 - (-2347 + 2319)?
38
Calculate (26 - 26) + (-17 - -3).
-14
What is the value of 11 - 4 - (4 - (-53 + 12))?
-38
Evaluate (8 - 0 - 4) + 1 - 17.
-12
Calculate (-11 - (-3 - 3)) + (-10 + 5 - -10).
0
What is the value of 30 - (-13 - (-7 - 30))?
6
Calculate (6 + 4 - 2 - 5) + (-8 - 9).
-14
(42 + -51 - (0 + -6)) + 6
3
Calculate -21 - -2 - (-885 + 896).
-30
2 + 12 + (11 - 6 - 9) - 6
4
Evaluate -10 + (-9 - -10) + (-2 - -1) + 5.
-5
Evaluate (-11 - -3) + 11 + 8.
11
Evaluate -42 - (-9 - (7 - 14 - -12)).
-28
Calculate 8 + 1 + (3 - 34) + (-125 - -131).
-16
-3 - (19 - 15) - 6
-13
-45 + 23 + 5 - (-2 + 1)
-16
What is 4 + -2 + (-5 - (-7 - -9))?
-5
7 + -22 - (-51 + 25)
11
Calculate (-14 - -1) + 22 + (-4 - 18).
-13
Calculate -14 + 46 + -34 + 6.
4
What is the value of (-3 - -16) + 44 + -39 - -10?
28
What is the value of 1 + 0 + 26 + -2 + -17 + 2?
10
Evaluate -28 + 5 - (39 - 60).
-2
What is the value of 11 - 14 - (1 - 0) - (-2 + 2)?
-4
Evaluate -10 - -5 - (-9 + -10 + 5).
9
Calculate (-5 - (-11 + 1) - -3) + 11 - -3.
22
Evaluate 6 + (5 - 1) + 4 - 10.
4
Evaluate -2 - 2 - -17 - (2 + -16).
27
Calculate -5 + 5 + -9 + 2 - (-10 + 8).
-5
(1 - 0 - (163 + -173)) + 4
15
(-62 - -61) + 1 + 1 + 2
3
(4 - 0 - (-1 + -15)) + -3 + -1
16
What is 14 + (545 - 546) + (-6 + -1 - -1)?
7
Calculate 11 + (1 - 12 - (33 + -23)).
-10
Calculate -6 + 3 + (2 - 6 - -30) + 1.
24
-13 + (31 - 15) + 9
12
What is -9 - -13 - (1 + -1) - (-8 + 8)?
4
Calculate (3 - -1) + 36 + -5 + -12 + -2.
21
Evaluate 0 + 1 - 2 - (8 - 27) - 5.
13
(-14 - -6) + (2 - 11)
-17
Calculate -122 + 117 + (11 - 1) - (-7 - -47).
-35
-222 + 185 - (-22 - -2)
-17
-13 - (18 + (-3 - 15) + 13)
-26
What is -2 + 17 + -24 + 0 + -2 + -11?
-22
-32 + -9 + -12 + 27 + 10
-16
Evaluate (5 - -12 - 6) + -20 + (1 - 10).
-18
Evaluate -25 - (1 + 0 + (-1 - (7 + 0))).
-18
What is the value of -14 + 18 + (-28 + 7 - -9)?
-8
-6 + -3 + 26 + 3 + 9
29
What is the value of -8 + (3 - 1 - 6 - -17)?
5
Calculate 6 + (9 + -1 - (14 + -16 + 14)).
2
Evaluate -21 - ((15 - 43) + 19).
-12
Calculate (-3 - -3) + (-5 - (8 + (11 - 6))).
-18
Calculate -55 + 26 + 33 - (1 - -4).
-1
(42 - 21) + -18 + 6
9
What is the value of 1 - (6 - (45 - 27 - (0 - 4)))?
17
14 - (33 + -16 + -12)
9
What is the value of (9 - (11 - 9)) + -12 + 0 + 3?
-2
Calculate 31 + -40 + (-20 - (-4 + -4)).
-21
What is the value of 4 + 1 + -3 + (-39 - -37) + 4?
4
Calculate -11 + (-2 - -10 - -2) - -13.
12
Calculate 403 + -409 + -23 + 1.
-28
What is 22 - (-9 - -14 - -34)?
-17
What is (-4 - -1) + -6 + (-5 + 4 - -12)?
2
Calculate 9 + (1 - (10 - 4)) - (46 - 18).
-24
(-2138 - -2130) + 0 + (0 - -1)
-7
What is -11 + 10 - (6 - 3)?
-4
Calculate -7 + -2 + -226 + 234.
-1
-18 +